{"id":1984,"date":"2023-04-12T14:39:16","date_gmt":"2023-04-12T12:39:16","guid":{"rendered":"http:\/\/cleverjagen.eu\/?page_id=1984"},"modified":"2025-01-31T12:20:57","modified_gmt":"2025-01-31T11:20:57","slug":"rezessionen","status":"publish","type":"page","link":"http:\/\/cleverjagen.eu\/?page_id=1984","title":{"rendered":"Rezensionen"},"content":{"rendered":"<p><strong>Wir w\u00fcrden uns \u00fcber Ihre positiven als auch negativen Anmerkungen freuen. Wenn wir was verbessern k\u00f6nnen, dann her damit:<\/strong><\/p>\n\n\t<div id=\"respond\" class=\"comment-respond wp-block-post-comments-form\">\n\t\t<h3 id=\"reply-title\" class=\"comment-reply-title\">Schreibe einen Kommentar <small><a rel=\"nofollow\" id=\"cancel-comment-reply-link\" href=\"\/index.php?rest_route=%2Fwp%2Fv2%2Fpages%2F1984#respond\" style=\"display:none;\">Antwort abbrechen<\/a><\/small><\/h3><form action=\"http:\/\/cleverjagen.eu\/wp-comments-post.php\" method=\"post\" id=\"commentform\" class=\"comment-form\" novalidate><p class=\"comment-notes\"><span id=\"email-notes\">Deine E-Mail-Adresse wird nicht ver\u00f6ffentlicht.<\/span> <span class=\"required-field-message\">Erforderliche Felder sind mit <span class=\"required\">*<\/span> markiert<\/span><\/p><p class=\"comment-form-comment\"><label for=\"comment\">Kommentar <span class=\"required\">*<\/span><\/label> <textarea id=\"comment\" name=\"comment\" cols=\"45\" rows=\"8\" maxlength=\"65525\" required><\/textarea><\/p><p class=\"comment-form-author\"><label for=\"author\">Name <span class=\"required\">*<\/span><\/label> <input id=\"author\" name=\"author\" type=\"text\" value=\"\" size=\"30\" maxlength=\"245\" autocomplete=\"name\" required \/><\/p>\n<p class=\"comment-form-email\"><label for=\"email\">E-Mail-Adresse <span class=\"required\">*<\/span><\/label> <input id=\"email\" name=\"email\" type=\"email\" value=\"\" size=\"30\" maxlength=\"100\" aria-describedby=\"email-notes\" autocomplete=\"email\" required \/><\/p>\n<p class=\"comment-form-url\"><label for=\"url\">Website<\/label> <input id=\"url\" name=\"url\" type=\"url\" value=\"\" size=\"30\" maxlength=\"200\" autocomplete=\"url\" \/><\/p>\n<p class=\"comment-form-cookies-consent\"><input id=\"wp-comment-cookies-consent\" name=\"wp-comment-cookies-consent\" type=\"checkbox\" value=\"yes\" \/> <label for=\"wp-comment-cookies-consent\">Meinen Namen, meine E-Mail-Adresse und meine Website in diesem Browser f\u00fcr die n\u00e4chste Kommentierung speichern.<\/label><\/p>\n<p class=\"form-submit\"><input name=\"submit\" type=\"submit\" id=\"submit\" class=\"submit\" value=\"Kommentar abschicken\" \/> <input type='hidden' name='comment_post_ID' value='1984' id='comment_post_ID' \/>\n<input type='hidden' name='comment_parent' id='comment_parent' value='0' \/>\n<\/p><\/form>\t<\/div><!-- #respond -->\n\t\n\n\n<div class=\"wp-block-comments-query-loop\"><h2 id=\"comments\" class=\"wp-block-comments-title\">6\u00a0Kommentare zu &#8222;Rezensionen&#8220;<\/h2>\n\n<ol class=\"wp-block-comment-template\"><li id=\"comment-3\" class=\"comment even thread-even depth-1\">\n\n<div class=\"wp-block-columns is-layout-flex wp-container-core-columns-is-layout-1 wp-block-columns-is-layout-flex\">\n<div class=\"wp-block-column is-layout-flow wp-block-column-is-layout-flow\" style=\"flex-basis:40px\"><div class=\"wp-block-avatar\"><img alt='Avatar von Martin Klein' src='https:\/\/secure.gravatar.com\/avatar\/59879391ae6389fafa3bafe552c7162b?s=40&#038;d=mm&#038;r=g' srcset='https:\/\/secure.gravatar.com\/avatar\/59879391ae6389fafa3bafe552c7162b?s=80&#038;d=mm&#038;r=g 2x' class='avatar avatar-40 photo wp-block-avatar__image' height='40' width='40'  style=\"border-radius:20px;\"\/><\/div><\/div>\n\n\n\n<div class=\"wp-block-column is-layout-flow wp-block-column-is-layout-flow\"><div class=\"wp-block-comment-author-name has-small-font-size\">Martin Klein<\/div>\n\n\n<div class=\"wp-block-group is-layout-flex wp-block-group-is-layout-flex\" style=\"margin-top:0px;margin-bottom:0px\"><div class=\"wp-block-comment-date has-small-font-size\"><time datetime=\"2023-04-12T16:25:59+02:00\"><a href=\"http:\/\/cleverjagen.eu\/?page_id=1984#comment-3\">12. April 2023<\/a><\/time><\/div>\n\n<\/div>\n\n\n<div class=\"wp-block-comment-content\"><p>Hallo zusammen,<br \/>\nich hatte im April 2023 an einem durch Euch organisiertem Kurzwaffen-Seminar teilgenommen. Ich kann jedem so ein Seminar empfehlen.<br \/>\nAuch als langj\u00e4hriger J\u00e4ger lernt man bei solch einem Seminar immer wieder was dazu und wird dadurch noch sicherer im Umgang mit der Kurzwaffe.<br \/>\nGro\u00dfer Dank an Euch als Veranstalter und an Georg Fabricius als Seminarleiter.<br \/>\nEinen kr\u00e4ftigen Gru\u00df und Waidmannsheil sendet Euch Martin.<\/p>\n<\/div>\n\n<div class=\"wp-block-comment-reply-link has-small-font-size\"><a rel=\"nofollow\" class=\"comment-reply-link\" href=\"http:\/\/cleverjagen.eu\/?page_id=1984&#038;replytocom=3#respond\" data-commentid=\"3\" data-postid=\"1984\" data-belowelement=\"comment-3\" data-respondelement=\"respond\" data-replyto=\"Auf Martin Klein antworten\" aria-label=\"Auf Martin Klein antworten\">Antworten<\/a><\/div><\/div>\n<\/div>\n\n<\/li><li id=\"comment-4\" class=\"comment odd alt thread-odd thread-alt depth-1\">\n\n<div class=\"wp-block-columns is-layout-flex wp-container-core-columns-is-layout-2 wp-block-columns-is-layout-flex\">\n<div class=\"wp-block-column is-layout-flow wp-block-column-is-layout-flow\" style=\"flex-basis:40px\"><div class=\"wp-block-avatar\"><img alt='Avatar von Daniel Kr\u00e4mer' src='https:\/\/secure.gravatar.com\/avatar\/6771a51e21d1f8412f3d3effa1d7b2b8?s=40&#038;d=mm&#038;r=g' srcset='https:\/\/secure.gravatar.com\/avatar\/6771a51e21d1f8412f3d3effa1d7b2b8?s=80&#038;d=mm&#038;r=g 2x' class='avatar avatar-40 photo wp-block-avatar__image' height='40' width='40'  style=\"border-radius:20px;\"\/><\/div><\/div>\n\n\n\n<div class=\"wp-block-column is-layout-flow wp-block-column-is-layout-flow\"><div class=\"wp-block-comment-author-name has-small-font-size\">Daniel Kr\u00e4mer<\/div>\n\n\n<div class=\"wp-block-group is-layout-flex wp-block-group-is-layout-flex\" style=\"margin-top:0px;margin-bottom:0px\"><div class=\"wp-block-comment-date has-small-font-size\"><time datetime=\"2023-04-13T19:54:10+02:00\"><a href=\"http:\/\/cleverjagen.eu\/?page_id=1984#comment-4\">13. April 2023<\/a><\/time><\/div>\n\n<\/div>\n\n\n<div class=\"wp-block-comment-content\"><p>Wir habe das Laien-Seminar mit gemacht und waren echt \u00fcberrascht ,positiv!<br \/>\nUnter der F\u00fchrung von Georg Fabricius und Udo Marklewitz haben wir uns sehr wohl gef\u00fchlt und auch gut beraten im Umgang mit der Waffe.<br \/>\nVielen Dank daf\u00fcr<br \/>\nD.Kr\u00e4mer und J.B\u00e4nker<\/p>\n<\/div>\n\n<div class=\"wp-block-comment-reply-link has-small-font-size\"><a rel=\"nofollow\" class=\"comment-reply-link\" href=\"http:\/\/cleverjagen.eu\/?page_id=1984&#038;replytocom=4#respond\" data-commentid=\"4\" data-postid=\"1984\" data-belowelement=\"comment-4\" data-respondelement=\"respond\" data-replyto=\"Auf Daniel Kr\u00e4mer antworten\" aria-label=\"Auf Daniel Kr\u00e4mer antworten\">Antworten<\/a><\/div><\/div>\n<\/div>\n\n<\/li><li id=\"comment-6\" class=\"comment even thread-even depth-1\">\n\n<div class=\"wp-block-columns is-layout-flex wp-container-core-columns-is-layout-3 wp-block-columns-is-layout-flex\">\n<div class=\"wp-block-column is-layout-flow wp-block-column-is-layout-flow\" style=\"flex-basis:40px\"><div class=\"wp-block-avatar\"><img alt='Avatar von Manfred Rechs' src='https:\/\/secure.gravatar.com\/avatar\/8bbea5083812bc08f94eea237cec89ed?s=40&#038;d=mm&#038;r=g' srcset='https:\/\/secure.gravatar.com\/avatar\/8bbea5083812bc08f94eea237cec89ed?s=80&#038;d=mm&#038;r=g 2x' class='avatar avatar-40 photo wp-block-avatar__image' height='40' width='40'  style=\"border-radius:20px;\"\/><\/div><\/div>\n\n\n\n<div class=\"wp-block-column is-layout-flow wp-block-column-is-layout-flow\"><div class=\"wp-block-comment-author-name has-small-font-size\">Manfred Rechs<\/div>\n\n\n<div class=\"wp-block-group is-layout-flex wp-block-group-is-layout-flex\" style=\"margin-top:0px;margin-bottom:0px\"><div class=\"wp-block-comment-date has-small-font-size\"><time datetime=\"2024-02-16T16:42:51+01:00\"><a href=\"http:\/\/cleverjagen.eu\/?page_id=1984#comment-6\">16. Februar 2024<\/a><\/time><\/div>\n\n<\/div>\n\n\n<div class=\"wp-block-comment-content\"><p>Ich bin aktiver J\u00e4ger und aktiver Sportsch\u00fctze. Bei Udo Marklewitz habe ich eine Kipplaufb\u00fcchse mit Zielfernrohr gekauft. Die hervorragende Beratung, sowie die Beschaffung der Waffe und Vorbereitung des Kaufes ist z\u00fcgig und sehr professionell abgelaufen. <\/p>\n<p>Ich spreche eine klare Empfehlung f\u00fcr cleverjagen aus.<\/p>\n<p>Waidmannsheil und mit sportlichem Gru\u00df<\/p>\n<p>Manfred <\/p>\n<p>Sportsch\u00fctze oder J\u00e4ger: Motorik, Koordination &amp; Leistung, Sportliche H\u00f6chstleistung durch Training<\/p>\n<\/div>\n\n<div class=\"wp-block-comment-reply-link has-small-font-size\"><a rel=\"nofollow\" class=\"comment-reply-link\" href=\"http:\/\/cleverjagen.eu\/?page_id=1984&#038;replytocom=6#respond\" data-commentid=\"6\" data-postid=\"1984\" data-belowelement=\"comment-6\" data-respondelement=\"respond\" data-replyto=\"Auf Manfred Rechs antworten\" aria-label=\"Auf Manfred Rechs antworten\">Antworten<\/a><\/div><\/div>\n<\/div>\n\n<\/li><li id=\"comment-7\" class=\"comment odd alt thread-odd thread-alt depth-1\">\n\n<div class=\"wp-block-columns is-layout-flex wp-container-core-columns-is-layout-4 wp-block-columns-is-layout-flex\">\n<div class=\"wp-block-column is-layout-flow wp-block-column-is-layout-flow\" style=\"flex-basis:40px\"><div class=\"wp-block-avatar\"><img alt='Avatar von Familie P\u00fctz' src='https:\/\/secure.gravatar.com\/avatar\/1b168f31889c925d5d55bdada60cf90f?s=40&#038;d=mm&#038;r=g' srcset='https:\/\/secure.gravatar.com\/avatar\/1b168f31889c925d5d55bdada60cf90f?s=80&#038;d=mm&#038;r=g 2x' class='avatar avatar-40 photo wp-block-avatar__image' height='40' width='40'  style=\"border-radius:20px;\"\/><\/div><\/div>\n\n\n\n<div class=\"wp-block-column is-layout-flow wp-block-column-is-layout-flow\"><div class=\"wp-block-comment-author-name has-small-font-size\">Familie P\u00fctz<\/div>\n\n\n<div class=\"wp-block-group is-layout-flex wp-block-group-is-layout-flex\" style=\"margin-top:0px;margin-bottom:0px\"><div class=\"wp-block-comment-date has-small-font-size\"><time datetime=\"2024-03-11T18:18:20+01:00\"><a href=\"http:\/\/cleverjagen.eu\/?page_id=1984#comment-7\">11. M\u00e4rz 2024<\/a><\/time><\/div>\n\n<\/div>\n\n\n<div class=\"wp-block-comment-content\"><p>Vielen Dank f\u00fcr das gestrige Pistolen-Seminar! Es war sehr lehrreich, es wurde alles sehr gut erkl\u00e4rt und wir f\u00fchlten uns sicher und gut aufgehoben. Es hat Spa\u00df gemacht und wir kommen wieder. Das Seminar ist sehr zu empfehlen! Ideal zum Einstieg f\u00fcr den Umgang mit der Kurzwaffe oder auch zur Auffrischung. Mit der Walther bin ich absolut zufrieden, ihr habt mich hervorragend beraten! Bis zum n\u00e4chsten Mal!<\/p>\n<\/div>\n\n<div class=\"wp-block-comment-reply-link has-small-font-size\"><a rel=\"nofollow\" class=\"comment-reply-link\" href=\"http:\/\/cleverjagen.eu\/?page_id=1984&#038;replytocom=7#respond\" data-commentid=\"7\" data-postid=\"1984\" data-belowelement=\"comment-7\" data-respondelement=\"respond\" data-replyto=\"Auf Familie P\u00fctz antworten\" aria-label=\"Auf Familie P\u00fctz antworten\">Antworten<\/a><\/div><\/div>\n<\/div>\n\n<\/li><li id=\"comment-8\" class=\"comment even thread-even depth-1\">\n\n<div class=\"wp-block-columns is-layout-flex wp-container-core-columns-is-layout-5 wp-block-columns-is-layout-flex\">\n<div class=\"wp-block-column is-layout-flow wp-block-column-is-layout-flow\" style=\"flex-basis:40px\"><div class=\"wp-block-avatar\"><img alt='Avatar von Andree Siska' src='https:\/\/secure.gravatar.com\/avatar\/56ff045ad9a83f49e9980312e81a6d29?s=40&#038;d=mm&#038;r=g' srcset='https:\/\/secure.gravatar.com\/avatar\/56ff045ad9a83f49e9980312e81a6d29?s=80&#038;d=mm&#038;r=g 2x' class='avatar avatar-40 photo wp-block-avatar__image' height='40' width='40'  style=\"border-radius:20px;\"\/><\/div><\/div>\n\n\n\n<div class=\"wp-block-column is-layout-flow wp-block-column-is-layout-flow\"><div class=\"wp-block-comment-author-name has-small-font-size\">Andree Siska<\/div>\n\n\n<div class=\"wp-block-group is-layout-flex wp-block-group-is-layout-flex\" style=\"margin-top:0px;margin-bottom:0px\"><div class=\"wp-block-comment-date has-small-font-size\"><time datetime=\"2024-04-15T16:27:58+02:00\"><a href=\"http:\/\/cleverjagen.eu\/?page_id=1984#comment-8\">15. April 2024<\/a><\/time><\/div>\n\n<\/div>\n\n\n<div class=\"wp-block-comment-content\"><p>Meine Frau und ich haben nun bereits zwei mal an dem Laienseminar teilgenommen und sind absolut begeistert davon !<br \/>\nGeorg Fabricius und Udo Marklewitz erkl\u00e4ren unmissverst\u00e4ndlich den sachgerechten Umgang mit der Kurzwaffe und nehmen einem jegliche \u00c4ngste und Bedenken, die man evtl. hat, wenn man vorher noch nie Umgang mit einer Schusswaffe hatte.<\/p>\n<p>Wir sind dadurch jedenfalls so sehr auf den Geschmack an der sportlichen Disziplin gekommen, dass wir auf jeden Fall dran bleiben m\u00f6chten !<br \/>\nVielen Dank an Georg und Udo f\u00fcr diese tollen Seminare und wir freuen uns schon auf\u00b4s n\u00e4chste mal.<\/p>\n<p>Andree &amp; Ulla Siska<\/p>\n<\/div>\n\n<div class=\"wp-block-comment-reply-link has-small-font-size\"><a rel=\"nofollow\" class=\"comment-reply-link\" href=\"http:\/\/cleverjagen.eu\/?page_id=1984&#038;replytocom=8#respond\" data-commentid=\"8\" data-postid=\"1984\" data-belowelement=\"comment-8\" data-respondelement=\"respond\" data-replyto=\"Auf Andree Siska antworten\" aria-label=\"Auf Andree Siska antworten\">Antworten<\/a><\/div><\/div>\n<\/div>\n\n<\/li><li id=\"comment-9\" class=\"comment odd alt thread-odd thread-alt depth-1\">\n\n<div class=\"wp-block-columns is-layout-flex wp-container-core-columns-is-layout-6 wp-block-columns-is-layout-flex\">\n<div class=\"wp-block-column is-layout-flow wp-block-column-is-layout-flow\" style=\"flex-basis:40px\"><div class=\"wp-block-avatar\"><img alt='Avatar von Rolf Bruck' src='https:\/\/secure.gravatar.com\/avatar\/cefa7a5d1b1a583fc705056917e3e94b?s=40&#038;d=mm&#038;r=g' srcset='https:\/\/secure.gravatar.com\/avatar\/cefa7a5d1b1a583fc705056917e3e94b?s=80&#038;d=mm&#038;r=g 2x' class='avatar avatar-40 photo wp-block-avatar__image' height='40' width='40'  style=\"border-radius:20px;\"\/><\/div><\/div>\n\n\n\n<div class=\"wp-block-column is-layout-flow wp-block-column-is-layout-flow\"><div class=\"wp-block-comment-author-name has-small-font-size\">Rolf Bruck<\/div>\n\n\n<div class=\"wp-block-group is-layout-flex wp-block-group-is-layout-flex\" style=\"margin-top:0px;margin-bottom:0px\"><div class=\"wp-block-comment-date has-small-font-size\"><time datetime=\"2024-06-18T17:36:40+02:00\"><a href=\"http:\/\/cleverjagen.eu\/?page_id=1984#comment-9\">18. Juni 2024<\/a><\/time><\/div>\n\n<\/div>\n\n\n<div class=\"wp-block-comment-content\"><p>Kompetente Beratung\/ freundliches Auftreten\/ sehr schnelle Bearbeitung\/ hilfsbereit und das zu guten Preisen. Kann ich nur weiterempfehlen! Ein Mann, bei dem ein H\u00e4ndedruck noch z\u00e4hlt.<\/p>\n<\/div>\n\n<div class=\"wp-block-comment-reply-link has-small-font-size\"><a rel=\"nofollow\" class=\"comment-reply-link\" href=\"http:\/\/cleverjagen.eu\/?page_id=1984&#038;replytocom=9#respond\" data-commentid=\"9\" data-postid=\"1984\" data-belowelement=\"comment-9\" data-respondelement=\"respond\" data-replyto=\"Auf Rolf Bruck antworten\" aria-label=\"Auf Rolf Bruck antworten\">Antworten<\/a><\/div><\/div>\n<\/div>\n\n<\/li><\/ol>\n\n<\/div>\n","protected":false},"excerpt":{"rendered":"<p>Wir w\u00fcrden uns \u00fcber Ihre positiven als auch negativen Anmerkungen freuen. Wenn wir was verbessern k\u00f6nnen, dann her damit:<\/p>\n","protected":false},"author":1,"featured_media":0,"parent":0,"menu_order":0,"comment_status":"open","ping_status":"closed","template":"","meta":{"footnotes":""},"categories":[77],"tags":[],"class_list":["post-1984","page","type-page","status-publish","hentry","category-frontseitenmodule"],"_links":{"self":[{"href":"http:\/\/cleverjagen.eu\/index.php?rest_route=\/wp\/v2\/pages\/1984","targetHints":{"allow":["GET"]}}],"collection":[{"href":"http:\/\/cleverjagen.eu\/index.php?rest_route=\/wp\/v2\/pages"}],"about":[{"href":"http:\/\/cleverjagen.eu\/index.php?rest_route=\/wp\/v2\/types\/page"}],"author":[{"embeddable":true,"href":"http:\/\/cleverjagen.eu\/index.php?rest_route=\/wp\/v2\/users\/1"}],"replies":[{"embeddable":true,"href":"http:\/\/cleverjagen.eu\/index.php?rest_route=%2Fwp%2Fv2%2Fcomments&post=1984"}],"version-history":[{"count":6,"href":"http:\/\/cleverjagen.eu\/index.php?rest_route=\/wp\/v2\/pages\/1984\/revisions"}],"predecessor-version":[{"id":2405,"href":"http:\/\/cleverjagen.eu\/index.php?rest_route=\/wp\/v2\/pages\/1984\/revisions\/2405"}],"wp:attachment":[{"href":"http:\/\/cleverjagen.eu\/index.php?rest_route=%2Fwp%2Fv2%2Fmedia&parent=1984"}],"wp:term":[{"taxonomy":"category","embeddable":true,"href":"http:\/\/cleverjagen.eu\/index.php?rest_route=%2Fwp%2Fv2%2Fcategories&post=1984"},{"taxonomy":"post_tag","embeddable":true,"href":"http:\/\/cleverjagen.eu\/index.php?rest_route=%2Fwp%2Fv2%2Ftags&post=1984"}],"curies":[{"name":"wp","href":"https:\/\/api.w.org\/{rel}","templated":true}]}}