{"id":1342,"date":"2020-11-18T14:47:31","date_gmt":"2020-11-18T13:47:31","guid":{"rendered":"http:\/\/cleverjagen.eu\/?page_id=1342"},"modified":"2024-06-12T14:15:20","modified_gmt":"2024-06-12T12:15:20","slug":"futterale-2","status":"publish","type":"page","link":"http:\/\/cleverjagen.eu\/?page_id=1342","title":{"rendered":"Neu-Waffen Flinten"},"content":{"rendered":"<p>\u00a0<\/p>\n<p><strong>Fair CARRERA\u00a0 HSX Sporting\u00a0 <span style=\"color: #ff0000;\">(NW 3)<\/span><\/strong><\/p>\n<p><img loading=\"lazy\" decoding=\"async\" class=\"alignnone size-full wp-image-1889\" src=\"http:\/\/cleverjagen.eu\/wp-content\/uploads\/2022\/10\/20221015_110839-scaled-e1665935316680.jpg\" alt=\"\" width=\"2560\" height=\"1241\" srcset=\"http:\/\/cleverjagen.eu\/wp-content\/uploads\/2022\/10\/20221015_110839-scaled-e1665935316680.jpg 2560w, http:\/\/cleverjagen.eu\/wp-content\/uploads\/2022\/10\/20221015_110839-scaled-e1665935316680-300x145.jpg 300w, http:\/\/cleverjagen.eu\/wp-content\/uploads\/2022\/10\/20221015_110839-scaled-e1665935316680-1024x496.jpg 1024w, http:\/\/cleverjagen.eu\/wp-content\/uploads\/2022\/10\/20221015_110839-scaled-e1665935316680-768x372.jpg 768w, http:\/\/cleverjagen.eu\/wp-content\/uploads\/2022\/10\/20221015_110839-scaled-e1665935316680-1536x745.jpg 1536w, http:\/\/cleverjagen.eu\/wp-content\/uploads\/2022\/10\/20221015_110839-scaled-e1665935316680-2048x993.jpg 2048w, http:\/\/cleverjagen.eu\/wp-content\/uploads\/2022\/10\/20221015_110839-scaled-e1665935316680-848x411.jpg 848w, http:\/\/cleverjagen.eu\/wp-content\/uploads\/2022\/10\/20221015_110839-scaled-e1665935316680-1140x553.jpg 1140w, http:\/\/cleverjagen.eu\/wp-content\/uploads\/2022\/10\/20221015_110839-scaled-e1665935316680-1170x567.jpg 1170w, http:\/\/cleverjagen.eu\/wp-content\/uploads\/2022\/10\/20221015_110839-scaled-e1665935316680-1920x931.jpg 1920w\" sizes=\"auto, (max-width: 2560px) 100vw, 2560px\" \/><\/p>\n<p><img loading=\"lazy\" decoding=\"async\" class=\"alignnone size-full wp-image-1887\" src=\"http:\/\/cleverjagen.eu\/wp-content\/uploads\/2022\/10\/20221015_110721-scaled-e1665935498866.jpg\" alt=\"\" width=\"2560\" height=\"1388\" srcset=\"http:\/\/cleverjagen.eu\/wp-content\/uploads\/2022\/10\/20221015_110721-scaled-e1665935498866.jpg 2560w, http:\/\/cleverjagen.eu\/wp-content\/uploads\/2022\/10\/20221015_110721-scaled-e1665935498866-300x163.jpg 300w, http:\/\/cleverjagen.eu\/wp-content\/uploads\/2022\/10\/20221015_110721-scaled-e1665935498866-1024x555.jpg 1024w, http:\/\/cleverjagen.eu\/wp-content\/uploads\/2022\/10\/20221015_110721-scaled-e1665935498866-768x416.jpg 768w, http:\/\/cleverjagen.eu\/wp-content\/uploads\/2022\/10\/20221015_110721-scaled-e1665935498866-1536x833.jpg 1536w, http:\/\/cleverjagen.eu\/wp-content\/uploads\/2022\/10\/20221015_110721-scaled-e1665935498866-2048x1110.jpg 2048w, http:\/\/cleverjagen.eu\/wp-content\/uploads\/2022\/10\/20221015_110721-scaled-e1665935498866-848x460.jpg 848w, http:\/\/cleverjagen.eu\/wp-content\/uploads\/2022\/10\/20221015_110721-scaled-e1665935498866-1140x618.jpg 1140w, http:\/\/cleverjagen.eu\/wp-content\/uploads\/2022\/10\/20221015_110721-scaled-e1665935498866-1170x634.jpg 1170w, http:\/\/cleverjagen.eu\/wp-content\/uploads\/2022\/10\/20221015_110721-scaled-e1665935498866-1920x1041.jpg 1920w\" sizes=\"auto, (max-width: 2560px) 100vw, 2560px\" \/><\/p>\n<p><img loading=\"lazy\" decoding=\"async\" class=\"alignnone size-full wp-image-1888\" src=\"http:\/\/cleverjagen.eu\/wp-content\/uploads\/2022\/10\/20221015_110730-scaled.jpg\" alt=\"\" width=\"2560\" height=\"2560\" srcset=\"http:\/\/cleverjagen.eu\/wp-content\/uploads\/2022\/10\/20221015_110730-scaled.jpg 2560w, http:\/\/cleverjagen.eu\/wp-content\/uploads\/2022\/10\/20221015_110730-300x300.jpg 300w, http:\/\/cleverjagen.eu\/wp-content\/uploads\/2022\/10\/20221015_110730-1024x1024.jpg 1024w, http:\/\/cleverjagen.eu\/wp-content\/uploads\/2022\/10\/20221015_110730-150x150.jpg 150w, http:\/\/cleverjagen.eu\/wp-content\/uploads\/2022\/10\/20221015_110730-768x768.jpg 768w, http:\/\/cleverjagen.eu\/wp-content\/uploads\/2022\/10\/20221015_110730-1536x1536.jpg 1536w, http:\/\/cleverjagen.eu\/wp-content\/uploads\/2022\/10\/20221015_110730-2048x2048.jpg 2048w, http:\/\/cleverjagen.eu\/wp-content\/uploads\/2022\/10\/20221015_110730-848x848.jpg 848w, http:\/\/cleverjagen.eu\/wp-content\/uploads\/2022\/10\/20221015_110730-1140x1140.jpg 1140w, http:\/\/cleverjagen.eu\/wp-content\/uploads\/2022\/10\/20221015_110730-1170x1170.jpg 1170w, http:\/\/cleverjagen.eu\/wp-content\/uploads\/2022\/10\/20221015_110730-1920x1920.jpg 1920w\" sizes=\"auto, (max-width: 2560px) 100vw, 2560px\" \/>Die Carrera Modellreihe wurde auf Grundlage der Erkenntnisse u. Ergebnisse bei Spitzen-Wettbewerben entwickelt. Die CARRERA HSX SPORTING ist eine attraktive Hochleistungsflinte mit einem robusten und widerstandsf\u00e4higen Lauf. Durch den verstellbaren Schaft und Abzug ist diese Flinte auch f\u00fcr Ausbildungszwecke geeignet.<\/p>\n<p>Fair Carrera HSX Sporting 12\/76 &#8211; Bockdoppelflinte<\/p>\n<p>Dieses Modell von F.A.I.R. hat einen jagdlichen Schaft (Vorderschaft mit Schnabel).<\/p>\n<p>Die Flinte hat hat einen verstellbaren Schaft und Abzug.<\/p>\n<p>Laufl\u00e4nge: 71 cm + 2 cm<\/p>\n<p>Kaliber: 12\/76<\/p>\n<p>Stahlschrotbeschuss: ja<\/p>\n<p>Extended Technikchoke:<br \/>Cylinder, 1\/4, 1\/2, 3\/4 und 1\/1<\/p>\n<p>Weitere Details:<br \/>Laufschiene 11 mm, ventiliert und guillochiert<br \/>Schaftl\u00e4nge 36,8 cm<br \/>goldener, selektiver Einabzug (verstellbar)<br \/>Ejektor<br \/>Stahlbask\u00fcle<br \/>LPA-Leuchtkorn<br \/>ventilierte Gummi-Schaftkappe<br \/>Laufumschaltung<\/p>\n<p>Gewicht: 3,5 kg<\/p>\n<p>Abgabe nur an Inhaber einer Erwerbserlaubnis.<\/p>\n<p><!--nextpage--><\/p>\n<p><strong>Mercury light\u00a0 \u00a0 \u00a0<span style=\"color: #ff0000;\">(NW 1)<\/span><\/strong><\/p>\n<p><img loading=\"lazy\" decoding=\"async\" class=\"alignnone size-full wp-image-1880\" src=\"http:\/\/cleverjagen.eu\/wp-content\/uploads\/2022\/10\/20221015_110334-1-scaled-e1665935796718.jpg\" alt=\"\" width=\"2560\" height=\"1222\" srcset=\"http:\/\/cleverjagen.eu\/wp-content\/uploads\/2022\/10\/20221015_110334-1-scaled-e1665935796718.jpg 2560w, http:\/\/cleverjagen.eu\/wp-content\/uploads\/2022\/10\/20221015_110334-1-scaled-e1665935796718-300x143.jpg 300w, http:\/\/cleverjagen.eu\/wp-content\/uploads\/2022\/10\/20221015_110334-1-scaled-e1665935796718-1024x489.jpg 1024w, http:\/\/cleverjagen.eu\/wp-content\/uploads\/2022\/10\/20221015_110334-1-scaled-e1665935796718-768x367.jpg 768w, http:\/\/cleverjagen.eu\/wp-content\/uploads\/2022\/10\/20221015_110334-1-scaled-e1665935796718-1536x733.jpg 1536w, http:\/\/cleverjagen.eu\/wp-content\/uploads\/2022\/10\/20221015_110334-1-scaled-e1665935796718-2048x978.jpg 2048w, http:\/\/cleverjagen.eu\/wp-content\/uploads\/2022\/10\/20221015_110334-1-scaled-e1665935796718-848x405.jpg 848w, http:\/\/cleverjagen.eu\/wp-content\/uploads\/2022\/10\/20221015_110334-1-scaled-e1665935796718-1140x544.jpg 1140w, http:\/\/cleverjagen.eu\/wp-content\/uploads\/2022\/10\/20221015_110334-1-scaled-e1665935796718-1170x558.jpg 1170w, http:\/\/cleverjagen.eu\/wp-content\/uploads\/2022\/10\/20221015_110334-1-scaled-e1665935796718-1920x917.jpg 1920w\" sizes=\"auto, (max-width: 2560px) 100vw, 2560px\" \/><img loading=\"lazy\" decoding=\"async\" class=\"alignnone size-full wp-image-1882\" src=\"http:\/\/cleverjagen.eu\/wp-content\/uploads\/2022\/10\/20221015_110436-1-scaled-e1665935839711.jpg\" alt=\"\" width=\"2560\" height=\"1350\" srcset=\"http:\/\/cleverjagen.eu\/wp-content\/uploads\/2022\/10\/20221015_110436-1-scaled-e1665935839711.jpg 2560w, http:\/\/cleverjagen.eu\/wp-content\/uploads\/2022\/10\/20221015_110436-1-scaled-e1665935839711-300x158.jpg 300w, http:\/\/cleverjagen.eu\/wp-content\/uploads\/2022\/10\/20221015_110436-1-scaled-e1665935839711-1024x540.jpg 1024w, http:\/\/cleverjagen.eu\/wp-content\/uploads\/2022\/10\/20221015_110436-1-scaled-e1665935839711-768x405.jpg 768w, http:\/\/cleverjagen.eu\/wp-content\/uploads\/2022\/10\/20221015_110436-1-scaled-e1665935839711-1536x810.jpg 1536w, http:\/\/cleverjagen.eu\/wp-content\/uploads\/2022\/10\/20221015_110436-1-scaled-e1665935839711-2048x1080.jpg 2048w, http:\/\/cleverjagen.eu\/wp-content\/uploads\/2022\/10\/20221015_110436-1-scaled-e1665935839711-848x447.jpg 848w, http:\/\/cleverjagen.eu\/wp-content\/uploads\/2022\/10\/20221015_110436-1-scaled-e1665935839711-1140x601.jpg 1140w, http:\/\/cleverjagen.eu\/wp-content\/uploads\/2022\/10\/20221015_110436-1-scaled-e1665935839711-1170x617.jpg 1170w, http:\/\/cleverjagen.eu\/wp-content\/uploads\/2022\/10\/20221015_110436-1-scaled-e1665935839711-1920x1013.jpg 1920w\" sizes=\"auto, (max-width: 2560px) 100vw, 2560px\" \/><img loading=\"lazy\" decoding=\"async\" class=\"alignnone size-full wp-image-1881\" src=\"http:\/\/cleverjagen.eu\/wp-content\/uploads\/2022\/10\/20221015_110338-1-scaled.jpg\" alt=\"\" width=\"2560\" height=\"2560\" srcset=\"http:\/\/cleverjagen.eu\/wp-content\/uploads\/2022\/10\/20221015_110338-1-scaled.jpg 2560w, http:\/\/cleverjagen.eu\/wp-content\/uploads\/2022\/10\/20221015_110338-1-300x300.jpg 300w, http:\/\/cleverjagen.eu\/wp-content\/uploads\/2022\/10\/20221015_110338-1-1024x1024.jpg 1024w, http:\/\/cleverjagen.eu\/wp-content\/uploads\/2022\/10\/20221015_110338-1-150x150.jpg 150w, http:\/\/cleverjagen.eu\/wp-content\/uploads\/2022\/10\/20221015_110338-1-768x768.jpg 768w, http:\/\/cleverjagen.eu\/wp-content\/uploads\/2022\/10\/20221015_110338-1-1536x1536.jpg 1536w, http:\/\/cleverjagen.eu\/wp-content\/uploads\/2022\/10\/20221015_110338-1-2048x2048.jpg 2048w, http:\/\/cleverjagen.eu\/wp-content\/uploads\/2022\/10\/20221015_110338-1-848x848.jpg 848w, http:\/\/cleverjagen.eu\/wp-content\/uploads\/2022\/10\/20221015_110338-1-1140x1140.jpg 1140w, http:\/\/cleverjagen.eu\/wp-content\/uploads\/2022\/10\/20221015_110338-1-1170x1170.jpg 1170w, http:\/\/cleverjagen.eu\/wp-content\/uploads\/2022\/10\/20221015_110338-1-1920x1920.jpg 1920w\" sizes=\"auto, (max-width: 2560px) 100vw, 2560px\" \/><\/p>\n<p>Schnittige Gebrauchswaffe f\u00fcr J\u00e4ger und Sportsch\u00fctzen in sehr guter Qualit\u00e4t.<\/p>\n<p>Mercury Bockdoppelflinten:<\/p>\n<p>Die Mercury Bockdoppelflinten zeichnen sich durch eine einfache und f\u00fchrige Handhabung aus und haben sich in der vielseitigen jagdlichen Praxis seit vielen Jahren bestens bew\u00e4hrt. Die Modellreihe ist in den universellen Kalibern 12\/76 oder 20\/76 erh\u00e4ltlich mit denen man auch 70er Patronen verschie\u00dfen kann. Die Flinten verf\u00fcgen ferner \u00fcber einen Stahlschrotbeschuss und ein geringes Gewicht von ca. 2,75 kg und sind somit auch f\u00fcr Damen hervorragend geeignet. Die Holzsch\u00e4fte aus Nussbaum verf\u00fcgen \u00fcber eine L\u00e4nge von rund 37 cm. Das System verf\u00fcgt \u00fcber ein Blitzschloss, die Sicherung ist mit Schieber auf dem Kolbenhals angebracht. Der Einabzug mit Umschaltung erlaubt ein schnelles Reagieren auf sich \u00e4ndernde Jagdsituationen. Die im Lieferumfang enthaltenen Wechselchokes (1\/4, 1\/2, 3\/4, 1\/1) erm\u00f6glichen eine vielseitige jagdliche und sportliche Nutzung.<\/p>\n<p>Die wichtigsten Eigenschaften der Mercury Bockdoppelflinten im \u00dcberblick:<\/p>\n<p>\u2022 Kaliber: 12\/76 oder 20\/76<br \/>\u2022 Gewicht: ca. 2,75kg<br \/>\u2022 Laufl\u00e4nge: 71cm<br \/>\u2022 Wechselchokes (1\/4, 1\/2, 3\/4, 1\/1)<br \/>\u2022 Mit Stahlschrotbeschuss<br \/>\u2022 System: Blitzschloss, ohne Ejektor<br \/>\u2022 Verschluss: Laufhakenverriegelung<br \/>\u2022 Abzug: Einabzug mit Umschaltung<br \/>\u2022 Schaft: Nussbaum, Schaft\u00e4nge: 37cm, Senkung: 37\/53<br \/>\u2022 Sicherung: Abzugssicherung durch Schieber auf dem Kolbenhals<\/p>\n\n<p class=\"wp-block-tag-cloud\">Es gibt hier noch keinen Inhalt, der angezeigt werden kann.<\/p>","protected":false},"excerpt":{"rendered":"<p>\u00a0 Fair CARRERA\u00a0 HSX Sporting\u00a0 (NW 3) Die Carrera Modellreihe wurde auf Grundlage der Erkenntnisse u. Ergebnisse bei Spitzen-Wettbewerben entwickelt. Die CARRERA HSX SPORTING ist eine attraktive Hochleistungsflinte mit einem robusten und widerstandsf\u00e4higen Lauf. Durch den verstellbaren Schaft und Abzug ist diese Flinte auch f\u00fcr Ausbildungszwecke geeignet. Fair Carrera HSX Sporting 12\/76 &#8211; Bockdoppelflinte Dieses [&hellip;]<\/p>\n","protected":false},"author":1,"featured_media":0,"parent":264,"menu_order":0,"comment_status":"closed","ping_status":"closed","template":"","meta":{"footnotes":""},"categories":[],"tags":[],"class_list":["post-1342","page","type-page","status-publish","hentry"],"_links":{"self":[{"href":"http:\/\/cleverjagen.eu\/index.php?rest_route=\/wp\/v2\/pages\/1342","targetHints":{"allow":["GET"]}}],"collection":[{"href":"http:\/\/cleverjagen.eu\/index.php?rest_route=\/wp\/v2\/pages"}],"about":[{"href":"http:\/\/cleverjagen.eu\/index.php?rest_route=\/wp\/v2\/types\/page"}],"author":[{"embeddable":true,"href":"http:\/\/cleverjagen.eu\/index.php?rest_route=\/wp\/v2\/users\/1"}],"replies":[{"embeddable":true,"href":"http:\/\/cleverjagen.eu\/index.php?rest_route=%2Fwp%2Fv2%2Fcomments&post=1342"}],"version-history":[{"count":9,"href":"http:\/\/cleverjagen.eu\/index.php?rest_route=\/wp\/v2\/pages\/1342\/revisions"}],"predecessor-version":[{"id":2368,"href":"http:\/\/cleverjagen.eu\/index.php?rest_route=\/wp\/v2\/pages\/1342\/revisions\/2368"}],"up":[{"embeddable":true,"href":"http:\/\/cleverjagen.eu\/index.php?rest_route=\/wp\/v2\/pages\/264"}],"wp:attachment":[{"href":"http:\/\/cleverjagen.eu\/index.php?rest_route=%2Fwp%2Fv2%2Fmedia&parent=1342"}],"wp:term":[{"taxonomy":"category","embeddable":true,"href":"http:\/\/cleverjagen.eu\/index.php?rest_route=%2Fwp%2Fv2%2Fcategories&post=1342"},{"taxonomy":"post_tag","embeddable":true,"href":"http:\/\/cleverjagen.eu\/index.php?rest_route=%2Fwp%2Fv2%2Ftags&post=1342"}],"curies":[{"name":"wp","href":"https:\/\/api.w.org\/{rel}","templated":true}]}}